{"id":10103,"date":"2020-05-04T21:46:12","date_gmt":"2020-05-04T19:46:12","guid":{"rendered":"https:\/\/benjamin-tews.de\/?page_id=10103"},"modified":"2023-10-28T14:26:54","modified_gmt":"2023-10-28T12:26:54","slug":"lora-wan","status":"publish","type":"page","link":"https:\/\/wireless-solutions.net\/?page_id=10103","title":{"rendered":"LoRa WAN"},"content":{"rendered":"<p>[vc_row][vc_column][vc_empty_space][\/vc_column][\/vc_row][vc_row][vc_column][vc_column_text]<\/p>\r\n<h3><span style=\"color: #333333;\">LoRa und LoRa WAN<\/span><\/h3>\r\n<p>LoRa ist eine sogenannte Long Range Technologie, welche es erlaubt, (kleine) Datenmengen \u00fcber Weitverkehrsstrecken zu \u00fcbermitteln. Die Abst\u00e4nde k\u00f6nnen hierbei mehrere Kilometer betragen. Weiterhin zeichnet sich die Spezifikation durch einen niedrigen Energieverbrauch aus, so dass Sensoren \u00fcber mehrere Jahre mit zwei AA-Batterien betrieben werden k\u00f6nnen. LoRa WAN (Wide Area Network) spezifiziert hierzu die Netzwerktopologie, welche den sicheren Austausch der Daten sowie deren Bereitstellung gew\u00e4hrleistet. Somit deckt LoRa die wichtigsten Anforderungen vom Internet der Dinge (IoT) ab.<\/p>\r\n<p>[\/vc_column_text][vc_empty_space][\/vc_column][\/vc_row][vc_row][vc_column width=&#8221;1\/4&#8243;][vc_single_image image=&#8221;11514&#8243; img_size=&#8221;200&#215;200&#8243; style=&#8221;vc_box_circle_2&#8243; onclick=&#8221;zoom&#8221;][\/vc_column][vc_column width=&#8221;1\/2&#8243;][vc_column_text]<\/p>\r\n<ul>\r\n<li>Sichere, bidirektionale Kommunikation<\/li>\r\n<li>Lokalisierung<\/li>\r\n<li>E2E Encryption<\/li>\r\n<li>Mobilit\u00e4t<\/li>\r\n<li>Flexibilit\u00e4t<\/li>\r\n<li>Verf\u00fcgbarkeit<\/li>\r\n<\/ul>\r\n<p>[\/vc_column_text][\/vc_column][vc_column width=&#8221;1\/4&#8243;][vc_single_image image=&#8221;30818&#8243; img_size=&#8221;200&#215;200&#8243; style=&#8221;vc_box_rounded&#8221;][\/vc_column][\/vc_row][vc_row][vc_column width=&#8221;1\/2&#8243;][vc_empty_space][vc_column_text]<\/p>\r\n<h3 style=\"text-align: left;\">Erfahrungen aus erster Hand<br \/><!-- \/wp:post-content --><\/h3>\r\n<!-- wp:list -->\r\n<ul>\r\n<li style=\"text-align: left;\">Betrieb eigener LoRa WAN Gateways<\/li>\r\n<li style=\"text-align: left;\">Bereitstellung von Dashboards<\/li>\r\n<li style=\"text-align: left;\">LoRa Gateway Habichtswald auf:<span style=\"color: #333399;\"> <a style=\"color: #333399;\" href=\"https:\/\/ttnmapper.org\/radar\/gateway\/?gateway=benjamin-tews-it-solutions&amp;network=NS_TTS_V3:\/\/ttn@000013\" target=\"_blank\" rel=\"noopener\">TTN Mapper<\/a> <\/span>(externer Link)<\/li>\r\n<\/ul>\r\n<p>[\/vc_column_text][vc_empty_space][\/vc_column][vc_column width=&#8221;1\/2&#8243;][vc_empty_space][vc_column_text]<\/p>\r\n<h3 style=\"text-align: left;\">Dienstleistungen<!-- \/wp:list --><\/h3>\r\n<!-- wp:list -->\r\n<ul>\r\n<li style=\"text-align: left;\">LoRa WAN im Vergleich zu anderen Technologien<\/li>\r\n<li style=\"text-align: left;\">Beratung bzgl. LoRa-Komponenten wie Gateways und Sensorik<\/li>\r\n<li style=\"text-align: left;\">Machbarkeit in Bezug auf Ihre Ideen, Anforderungen und W\u00fcnsche<\/li>\r\n<\/ul>\r\n<p>[\/vc_column_text][vc_empty_space][\/vc_column][\/vc_row]<\/p>","protected":false},"excerpt":{"rendered":"<p>[vc_row][vc_column][vc_empty_space][\/vc_column][\/vc_row][vc_row][vc_column][vc_column_text] LoRa und LoRa WAN LoRa ist eine sogenannte Long Range Technologie, welche es erlaubt, (kleine) Datenmengen \u00fcber Weitverkehrsstrecken zu \u00fcbermitteln. Die Abst\u00e4nde k\u00f6nnen hierbei mehrere Kilometer betragen. Weiterhin zeichnet sich die Spezifikation durch einen niedrigen Energieverbrauch aus, so dass Sensoren \u00fcber mehrere Jahre mit zwei AA-Batterien betrieben werden k\u00f6nnen. LoRa WAN (Wide Area Network) [&hellip;]<\/p>\n","protected":false},"author":1,"featured_media":0,"parent":113,"menu_order":0,"comment_status":"closed","ping_status":"closed","template":"page.php","meta":{"footnotes":""},"class_list":["post-10103","page","type-page","status-publish","hentry"],"_links":{"self":[{"href":"https:\/\/wireless-solutions.net\/index.php?rest_route=\/wp\/v2\/pages\/10103","targetHints":{"allow":["GET"]}}],"collection":[{"href":"https:\/\/wireless-solutions.net\/index.php?rest_route=\/wp\/v2\/pages"}],"about":[{"href":"https:\/\/wireless-solutions.net\/index.php?rest_route=\/wp\/v2\/types\/page"}],"author":[{"embeddable":true,"href":"https:\/\/wireless-solutions.net\/index.php?rest_route=\/wp\/v2\/users\/1"}],"replies":[{"embeddable":true,"href":"https:\/\/wireless-solutions.net\/index.php?rest_route=%2Fwp%2Fv2%2Fcomments&post=10103"}],"version-history":[{"count":29,"href":"https:\/\/wireless-solutions.net\/index.php?rest_route=\/wp\/v2\/pages\/10103\/revisions"}],"predecessor-version":[{"id":30822,"href":"https:\/\/wireless-solutions.net\/index.php?rest_route=\/wp\/v2\/pages\/10103\/revisions\/30822"}],"up":[{"embeddable":true,"href":"https:\/\/wireless-solutions.net\/index.php?rest_route=\/wp\/v2\/pages\/113"}],"wp:attachment":[{"href":"https:\/\/wireless-solutions.net\/index.php?rest_route=%2Fwp%2Fv2%2Fmedia&parent=10103"}],"curies":[{"name":"wp","href":"https:\/\/api.w.org\/{rel}","templated":true}]}}